{"id":18,"date":"2024-11-30T11:38:30","date_gmt":"2024-11-30T11:38:30","guid":{"rendered":"https:\/\/www.pluriart.it\/?page_id=18"},"modified":"2024-12-03T14:34:56","modified_gmt":"2024-12-03T14:34:56","slug":"progetti","status":"publish","type":"page","link":"https:\/\/www.pluriart.it\/index.php\/progetti\/","title":{"rendered":"Progetti"},"content":{"rendered":"\n<p>Alcuni progetti realizzati negli anni<\/p>\n\n\n\n<p><\/p>\n\n\n\n<p id=\"paroleinfolle\"><strong>Dicembre 2022<\/strong>:&nbsp;<strong>Parole in folle&nbsp;<\/strong>&nbsp;<\/p>\n\n\n\n<p>Cortometraggio realizzato nell\u2019ambito del laboratorio di autonarrazione One Global Voice Making in&nbsp;<\/p>\n\n\n\n<p>collaborazione con Cooperativa Sociale Orizzonti e Voci Globali<\/p>\n\n\n\n<figure class=\"wp-block-embed is-type-video is-provider-youtube wp-block-embed-youtube wp-embed-aspect-16-9 wp-has-aspect-ratio\"><div class=\"wp-block-embed__wrapper\">\n<iframe loading=\"lazy\" title=\"&quot;Parole in folle&quot;, percorsi di disagio mentale tra l&#039;Africa e l&#039;Italia\" width=\"500\" height=\"281\" src=\"https:\/\/www.youtube.com\/embed\/Ni7Ynl1AdMA?start=38&#038;feature=oembed\" frameborder=\"0\" allow=\"accelerometer; autoplay; clipboard-write; encrypted-media; gyroscope; picture-in-picture; web-share\" referrerpolicy=\"strict-origin-when-cross-origin\" allowfullscreen><\/iframe>\n<\/div><\/figure>\n\n\n\n<p id=\"unaalgiorno\"><strong>Marzo 2022<\/strong>:&nbsp;<strong>Una al giorno<\/strong>.&nbsp;<\/p>\n\n\n\n<p>Cortometraggio contro la violenza sulle donne con il supporto di Veneto Film Commission, il patrocinio dell\u2019Universit\u00e0 degli Studi di Padova. Presentato in anteprima nella sala Veneto Film Commission c\/o Hotel Excelsior durante la 80^ mostra del Cinema di Venezia.<\/p>\n\n\n\n<p id=\"Il-mondo-nel-quartiere\"><strong>Dicembre 2021<\/strong>:&nbsp;<strong>Il mondo nel quartiere<\/strong>&#8211; Storie e dialoghi sulle tradizioni.<\/p>\n\n\n\n<p>Il progetto finanziato dal Comune di Padova con il bando \u201cVivi il quartiere 2021\u201d intende promuovere l\u2019integrazione sociale e la conoscenza delle usanze e tradizioni delle varie etnie presenti nel territorio del quartiere attraverso attivit\u2002 laboratoriali di tipo inclusivo e interculturale.<\/p>\n\n\n\n<p>I laboratori si rivolgono a bambini\/e e ragazzi\/e delle scuole primarie e secondarie di primo grado del quartiere. I laboratori preludono alla elaborazione di interviste da effettuarsi all\u2019interno delle scuole stesse e nei luoghi di aggregazione del quartiere. Le interviste faranno emergere la narrazione delle usanze e delle tradizioni degli abitanti, con l\u2019obiettivo finale di realizzare un documentario che nasca dalla curiosit\u00e0\u2002delle\/dei bambine\/i e ragazze\/i verso le altre culture e tradizioni.<br>Da tali laboratori \u00e8 stato realizzato un video.<\/p>\n\n\n\n<figure class=\"wp-block-embed is-type-video is-provider-youtube wp-block-embed-youtube wp-embed-aspect-16-9 wp-has-aspect-ratio\"><div class=\"wp-block-embed__wrapper\">\n<iframe loading=\"lazy\" title=\"Il mondo nel quartiere\" width=\"500\" height=\"281\" src=\"https:\/\/www.youtube.com\/embed\/eqEzx7a4meY?feature=oembed\" frameborder=\"0\" allow=\"accelerometer; autoplay; clipboard-write; encrypted-media; gyroscope; picture-in-picture; web-share\" referrerpolicy=\"strict-origin-when-cross-origin\" allowfullscreen><\/iframe>\n<\/div><\/figure>\n\n\n\n<p id=\"arte-urbana\"><strong>Aprile 2021<\/strong>: Arte urbana, spazi pubblici e sociali nei quartieri.<\/p>\n\n\n\n<p>Il progetto finanziato dal Comune di Padova con il bando La citt\u00e0 delle idee 2020, intende sollecitare forme di&nbsp;<strong>narrazione digitale e multimediale<\/strong>&nbsp;tramite la&nbsp;<strong>produzione video<\/strong>&nbsp;che metta in luce alcuni aspetti dellacitt\u00e0.<\/p>\n\n\n\n<p>Sono stati realizzati incontri formativi laboratoriali gratuiti rivolti ai cittadini di Padova con lo scopo di<\/p>\n\n\n\n<p>\u2013 acquisire tecniche e metodi per la realizzazione di video;<\/p>\n\n\n\n<p>\u2013 effettuare uscite sul campo per fare le riprese;<\/p>\n\n\n\n<p>\u2013 creare video che riguardano la citt\u00e0 e i suoi quartieri.<\/p>\n\n\n\n<p>\u2013 organizzare un evento di presentazione dei video con proiezione pubblica.<\/p>\n\n\n\n<p>Nella fase formativa, i partecipanti hanno acquisito strategie e tecniche di scrittura e produzione multimediale tipiche della narrazione digitale.<\/p>\n\n\n\n<p>L\u2019idea generale \u00e8 stat quella di focalizzare alcuni luoghi rappresentativi della vita sociale e culturale cittadina, opere di arte urbana e spazi pubblici della citt\u00e0 come stimolo alla realizzazione di storie cittadine e di quartiere rielaborate creativamente come narrazione urbana.<\/p>\n\n\n\n<p>I video realizzati sono stati pubblicati nel canale Youtube, nel sito web e negli spazi social dell\u2019associazione e proiettati in un evento finale denominato \u201cPadova visibile\u201d.<\/p>\n\n\n\n<p>Il progetto intende fornire strumenti di narrazione video urbana e allo stesso tempo aumentare l\u2019interesse per la citt\u00e0 e i suoi quartieri facendo emergere storie di elementi visibili spesso sconosciuti e fornendo un\u2019immagine viva di Padova dal punto di vista culturale, anche in termini di cultura minore come quella appartenente alla iconosfera urbana.<\/p>\n\n\n\n<p>Gli incontri hanno consentito agli interessati di:<\/p>\n\n\n\n<ol start=\"1\" class=\"wp-block-list\">\n<li>Partecipare ad incontri gratuiti in cui apprendere e realizzare, seguendo tutte le fasi, un prodotto multimediale. Tali incontri saranno tenuti da esperti che proporranno sessioni di progettazione e di scrittura collettiva. Si tratta di occasioni in cui i partecipanti possono collaborare e contaminarsi ai fini di scrivere collettivamente i progetti multimediali (fase di pre-produzione). Saranno stimolate anche le competenze tecniche di ripresa e montaggio ovvere le fasi di produzione e post-produzione video filmica.<\/li>\n\n\n\n<li>Raccontare la citt\u00e0 attraverso la forma video.<\/li>\n\n\n\n<li>Applicare sul campo le conoscenze e le competenze apprese ai fini di realizzare quei prodotti multimediali che mostrino e rendano visibile una Padova spesso non conosciuta ai pi\u00f9.<\/li>\n<\/ol>\n\n\n\n<p>Il progetto \u00e8 stato realizzato tra aprile e luglio 2021:<\/p>\n\n\n\n<figure class=\"wp-block-embed is-type-video is-provider-youtube wp-block-embed-youtube wp-embed-aspect-16-9 wp-has-aspect-ratio\"><div class=\"wp-block-embed__wrapper\">\n<iframe loading=\"lazy\" title=\"Padova Visibile: I cinema nei quartieri di Padova\" width=\"500\" height=\"281\" src=\"https:\/\/www.youtube.com\/embed\/vjjKQ7dVd2I?start=30&#038;feature=oembed\" frameborder=\"0\" allow=\"accelerometer; autoplay; clipboard-write; encrypted-media; gyroscope; picture-in-picture; web-share\" referrerpolicy=\"strict-origin-when-cross-origin\" allowfullscreen><\/iframe>\n<\/div><\/figure>\n\n\n\n<figure class=\"wp-block-embed is-type-video is-provider-youtube wp-block-embed-youtube wp-embed-aspect-16-9 wp-has-aspect-ratio\"><div class=\"wp-block-embed__wrapper\">\n<iframe loading=\"lazy\" title=\"Padova visibile: Quartiere 5\" width=\"500\" height=\"281\" src=\"https:\/\/www.youtube.com\/embed\/ezXk0DdrooE?start=10&#038;feature=oembed\" frameborder=\"0\" allow=\"accelerometer; autoplay; clipboard-write; encrypted-media; gyroscope; picture-in-picture; web-share\" referrerpolicy=\"strict-origin-when-cross-origin\" allowfullscreen><\/iframe>\n<\/div><\/figure>\n\n\n\n<figure class=\"wp-block-embed is-type-video is-provider-youtube wp-block-embed-youtube wp-embed-aspect-16-9 wp-has-aspect-ratio\"><div class=\"wp-block-embed__wrapper\">\n<iframe loading=\"lazy\" title=\"Padova Visibile: Quartiere2\" width=\"500\" height=\"281\" src=\"https:\/\/www.youtube.com\/embed\/ZBIaqj9jwlo?start=16&#038;feature=oembed\" frameborder=\"0\" allow=\"accelerometer; autoplay; clipboard-write; encrypted-media; gyroscope; picture-in-picture; web-share\" referrerpolicy=\"strict-origin-when-cross-origin\" allowfullscreen><\/iframe>\n<\/div><\/figure>\n\n\n\n<figure class=\"wp-block-embed is-type-video is-provider-youtube wp-block-embed-youtube wp-embed-aspect-16-9 wp-has-aspect-ratio\"><div class=\"wp-block-embed__wrapper\">\n<iframe loading=\"lazy\" title=\"Padova Visibile: Quartiere 1 e 3\" width=\"500\" height=\"281\" src=\"https:\/\/www.youtube.com\/embed\/NRzm3deQ7zg?start=19&#038;feature=oembed\" frameborder=\"0\" allow=\"accelerometer; autoplay; clipboard-write; encrypted-media; gyroscope; picture-in-picture; web-share\" referrerpolicy=\"strict-origin-when-cross-origin\" allowfullscreen><\/iframe>\n<\/div><\/figure>\n\n\n\n<p><strong>Giugno 2020<\/strong>: Convenzione Tirocinio curriculare Universit\u00e0 Ca Foscari Venezia<\/p>\n\n\n\n<p>E\u2019 stato stipulato un contratto di tirocinio di&nbsp;<strong>formazione<\/strong>&nbsp;e orientamento con l\u2019Universit\u00e0 degli Studi di Venezia.<\/p>\n\n\n\n<p><strong>2020<\/strong>: Realizzazione del Cortometraggio (In)Certezze<\/p>\n\n\n\n<p>E\u2019 un&nbsp;<strong>cortometraggio<\/strong>&nbsp;che propone la rielaborazione di un monologo di Pirandello in cui il protagonista teatrale, Enrico IV, ragiona intorno alla pazzia, uno dei tanti modi di pensare e vivere, ritenuto illogico ai pi\u00f9, cercando di ribaltare la prospettiva.<\/p>\n\n\n\n<p>Il re considera le momentanee certezze dell\u2019uomo come punti di appoggio che consentono di vivere anche se queste si riveleranno ingenue o addirittura errate.<\/p>\n\n\n\n<p>Il dialogo silente tra le certezze e le incertezze ha come sfondo l\u2019attuale periodo storico in cui abitudini, sentimenti, regole e sicurezze sembrano tremare e lasciare spazio a futuri e sconosciuti sviluppi.<\/p>\n\n\n\n<p>La pazzia diventa quindi un \u201cluogo\u201d in cui rifugiarsi, la fuga da una realt\u00e0 che pu\u00f2 diventare insostenibile e a tratti inaccettabile, dove anche gli altri possono ricoprire, recitare appunto, un ruolo di finzione. Allora meglio continuare a credere di essere il regale protagonista di una pi\u00e8ce teatrale e continuare la propria parte, lasciando sullo sfondo gli avvenimenti del mondo.<\/p>\n\n\n\n<p><strong>2018: Gioca con le regole<\/strong><\/p>\n\n\n\n<p>Gioca con le regole \u00e8 un progetto che vuole mostrare, attraverso la realizzazione di un&nbsp;<strong>cortometraggio<\/strong>, come lo sport possa essere un modello che oltre a diffondere un corretto e sano stile divita, \u00e8 un luogo importante di inclusione sociale, di rispetto del prossimo e di integrazione delle diversit\u00e0 e un ottimo strumento per prevenire e vincere il fenomeno del bullismo.<\/p>\n\n\n\n<figure class=\"wp-block-embed is-type-video is-provider-youtube wp-block-embed-youtube wp-embed-aspect-16-9 wp-has-aspect-ratio\"><div class=\"wp-block-embed__wrapper\">\n<iframe loading=\"lazy\" title=\"Gioca con le regole - trailer -\" width=\"500\" height=\"281\" src=\"https:\/\/www.youtube.com\/embed\/0OuOSKHN2pc?feature=oembed\" frameborder=\"0\" allow=\"accelerometer; autoplay; clipboard-write; encrypted-media; gyroscope; picture-in-picture; web-share\" referrerpolicy=\"strict-origin-when-cross-origin\" allowfullscreen><\/iframe>\n<\/div><\/figure>\n\n\n\n<p><strong>2018: About-Life<\/strong><\/p>\n\n\n\n<p>Descrizione: C&#8217;\u00e8 ancora spazio per raccontare la vita?<\/p>\n\n\n\n<p>E ci sono abbastanza respiro e sguardo (e un po&#8217; di sfrontatezza) per provare a fissarla in immagini e farla diventare, ancora una volta, una storia?<\/p>\n\n\n\n<p>About life \u00e8 un progetto che \u00e8 nato perch\u00e9 la risposta a queste domande \u00e8 ancora un s\u00ec. E perch\u00e9 delle volte le storie chiedono di essere raccontate e non lasciano scelta. E&#8217; un&nbsp;<strong>piccolo film<\/strong>&nbsp;che prova a raccontare la vita senza parole: una vita cos\u00ec com&#8217;\u00e8, fatta di momenti magnificamente ripetitivi eppure unici.<\/p>\n\n\n\n<p>Un racconto che \u00e8 di tutti e ognuno fa suo in modo diverso.<\/p>\n\n\n\n<p>Immaginando questo film e questa storia le parole non sono mai arrivate, sono rimaste invece immagini, musica e luce.<\/p>\n\n\n\n<p>E proprio la luce si fa strumento espressivo potentissimo con cui sperimentare, cercare punti di vista insoliti e tratteggiare interi mondi.<\/p>\n\n\n\n<p><strong>Gennaio 2018: Laboratorio pratico di Cinema<\/strong><\/p>\n\n\n\n<p>Il corso affronta tutti i principali aspetti teorici e pratici del&nbsp;<strong>cinema<\/strong>&nbsp;in piccolo formato (<strong>l\u2019idea, la sceneggiatura, la continuit\u00e0, la recitazione, le riprese e il montaggio<\/strong>), e propone la realizzazione diun breve film collettivo in cui tutti i partecipanti potranno partecipare attivamente al processo creativo e impersonare a turno tutti ruoli di una vera troupe.<\/p>\n\n\n\n<p>Il laboratorio si rivolge sia a persone con esperienze nel video e nella fotografia, sia a chi non ha mai avuto alcun tipo di esperienza e vuole cimentarsi nella realizzazione di un semplice cortometraggio.<\/p>\n\n\n\n<p>Il laboratorio si propone di affrontare tutte le fasi di realizzazione di un cortometraggio video, dalla fase di scrittura fino alla proiezione finale su grande schermo, passando per la fase di recitazione, tecniche di ripresa e postproduzione.<\/p>\n\n\n\n<p>Attraverso la realizzazione di un breve cortometraggio, verr\u00e0 affrontato l\u2019intero processo produttivo del cinema: partendo dalla nascita dell\u2019idea, per poi passare alla fase di scrittura della sceneggiatura, imparare le tecniche di recitazione, impostare e realizzare le riprese fino ad arrivare al montaggio video e quindi alla proiezione pubblica: atto conclusivo del processo creativo, ma non per questo meno importante.<\/p>\n\n\n\n<p>Si studia e si gioca a fare un film, uno spot, un cortometraggio, una video-storia : s\u2019inizia con la scrittura di una piccola sceneggiatura, si passa poi a imparare le tecniche di recitazione, importantissime per dirigere gli attori, si passa successivamente alla pianificazione delle riprese e poi le riprese: l\u2019invenzione dei personaggi che diventano veri e propri attori di se stessi; ai partecipanti viene data la possibilit\u00e0 di utilizzare le attrezzature necessarie: l\u2019uso della telecamera, del microfono, del ciak oltre che l\u2019utilizzo di un computer per il montaggio.<\/p>\n\n\n\n<p>Lo scopo del laboratorio \u00e8 quello di realizzare un breve cortometraggio video realizzato interamente dai corsisti. Durante il laboratorio i corsisti impareranno tutte le fasi di realizzazione di un cortometraggio a partire dall\u2019idea fino ad arrivare alla cosidetta \u201cprima\u201d ovvero la proiezione del proprio lavoro.<\/p>\n\n\n\n<p><strong>Aprile 2017<\/strong>: Convenzione XI\u00b0 Istituto Comprensivo Vivaldi Padova<\/p>\n\n\n\n<p>Relativamente al progetto&nbsp;<strong>Atelier Digitale finanziato dal Miur<\/strong>&nbsp;\u00e8 stata stipulata una convenzione con l\u2019XI IC Vivaldi di Padova per supporto alla scelta di acquisti da effettuare inoltre si realizzer\u00e0 un laboratorio per insegnanti e ragazzi relativo a&nbsp;<strong>realizzazione di un prodotto audio\/video<\/strong><\/p>\n\n\n\n<p><strong>Novembre 2017: Corso di Lettura recitata<\/strong><\/p>\n\n\n\n<p>Il corso sviluppa le conoscenze&nbsp;<strong>dell\u2019uso della voce in campo attoriale, di speakeraggio<\/strong>, di formazione ed espressivo in genere. E\u2019 una forma di recitazione a s\u00e9 ed \u00e8 ben diversa da quella teatrale dove all\u2019utilizzo della voce si affianca l\u2019uso del corpo. Il corso \u00e8 rivolto a tutti; ad attori, ad aspiranti attori, a speaker, ma anche a coloro che, pur senza avere maturato gi\u00e0 una esperienza nel campo dell\u2019uso della voce, vogliono dedicarsi a questa forma cos\u00ec coinvolgente e affascinante di recitazione.<\/p>\n\n\n\n<p><strong>Novembre 2017: Spot video per promozione cultura dello sport<\/strong>&nbsp;(basket)<\/p>\n\n\n\n<p>In collaborazione con l\u2019associazione sportiva dilettantistica Run&amp;Jump, l\u2019associazione ha curato e realizzato uno&nbsp;<strong>spot video<\/strong>&nbsp;per promuovere la cultura dello sport, in particolar modo del Minibasket, Basket e Baskin.<\/p>\n\n\n\n<figure class=\"wp-block-embed is-type-video is-provider-youtube wp-block-embed-youtube wp-embed-aspect-16-9 wp-has-aspect-ratio\"><div class=\"wp-block-embed__wrapper\">\n<iframe loading=\"lazy\" title=\"Orfeo\" width=\"500\" height=\"281\" src=\"https:\/\/www.youtube.com\/embed\/tO3w34pP_E0?start=2&#038;feature=oembed\" frameborder=\"0\" allow=\"accelerometer; autoplay; clipboard-write; encrypted-media; gyroscope; picture-in-picture; web-share\" referrerpolicy=\"strict-origin-when-cross-origin\" allowfullscreen><\/iframe>\n<\/div><\/figure>\n\n\n\n<p><strong>Febbraio 2016<\/strong>: Convenzione Tirocinio curriculare Universit\u00e0 Padova<\/p>\n\n\n\n<p>E\u2019 stato stipulato un contratto di tirocinio di formazione e orientamento con l\u2019Universit\u00e0 degli Studi di Padova.<\/p>\n\n\n\n<p><strong>Novembre 2016<\/strong>:&nbsp;<strong>Corso direttore della Fotografia<\/strong><\/p>\n\n\n\n<p>E\u2019 stato organizzato presso la sala Video del Quartiere 5 un corso di&nbsp;<strong>direttore della fotografia<\/strong>, docente&nbsp;<strong>Matteo Calore<\/strong>rivolto a tutti gli appassionati di&nbsp;<strong>cinema<\/strong>.<\/p>\n","protected":false},"excerpt":{"rendered":"<p>Alcuni progetti realizzati negli anni Dicembre 2022:&nbsp;Parole in folle&nbsp;&nbsp; Cortometraggio realizzato nell\u2019ambito del laboratorio di autonarrazione One Global Voice Making in&nbsp; collaborazione con Cooperativa Sociale Orizzonti e Voci Globali Marzo 2022:&nbsp;Una al giorno.&nbsp; Cortometraggio contro la violenza sulle donne con il supporto di Veneto Film Commission, il patrocinio dell\u2019Universit\u00e0 degli Studi di Padova. Presentato in [&hellip;]<\/p>\n","protected":false},"author":1,"featured_media":0,"parent":0,"menu_order":0,"comment_status":"closed","ping_status":"closed","template":"","meta":{"saved_in_kubio":false,"footnotes":""},"class_list":["post-18","page","type-page","status-publish","hentry"],"kubio_ai_page_context":{"short_desc":"","purpose":"general"},"_links":{"self":[{"href":"https:\/\/www.pluriart.it\/index.php\/wp-json\/wp\/v2\/pages\/18","targetHints":{"allow":["GET"]}}],"collection":[{"href":"https:\/\/www.pluriart.it\/index.php\/wp-json\/wp\/v2\/pages"}],"about":[{"href":"https:\/\/www.pluriart.it\/index.php\/wp-json\/wp\/v2\/types\/page"}],"author":[{"embeddable":true,"href":"https:\/\/www.pluriart.it\/index.php\/wp-json\/wp\/v2\/users\/1"}],"replies":[{"embeddable":true,"href":"https:\/\/www.pluriart.it\/index.php\/wp-json\/wp\/v2\/comments?post=18"}],"version-history":[{"count":5,"href":"https:\/\/www.pluriart.it\/index.php\/wp-json\/wp\/v2\/pages\/18\/revisions"}],"predecessor-version":[{"id":273,"href":"https:\/\/www.pluriart.it\/index.php\/wp-json\/wp\/v2\/pages\/18\/revisions\/273"}],"wp:attachment":[{"href":"https:\/\/www.pluriart.it\/index.php\/wp-json\/wp\/v2\/media?parent=18"}],"curies":[{"name":"wp","href":"https:\/\/api.w.org\/{rel}","templated":true}]}}